the tens digit of 7153?
5
What is the hundreds digit of 340?
3
What is the hundreds digit of 10144?
1
What is the tens digit of 3027?
2
What is the thousands digit of 17160?
7
What is the units digit of 394?
4
What is the units digit of 952?
2
What is the units digit of 565?
5
What is the thousands digit of 28252?
8
What is the hundreds digit of 57710?
7
What is the thousands digit of 2708?
2
What is the units digit of 2069?
9
What is the thousands digit of 2982?
2
What is the ten thousands digit of 57250?
5
What is the tens digit of 4492?
9
What is the units digit of 930?
0
What is the hundreds digit of 36440?
4
What is the ten thousands digit of 51120?
5
What is the thousands digit of 3379?
3
What is the units digit of 23340?
0
What is the tens digit of 1571?
7
What is the hundreds digit of 20904?
9
What is the hundreds digit of 90620?
6
What is the units digit of 3446?
6
What is the hundreds digit of 12608?
6
What is the hundreds digit of 1564?
5
What is the units digit of 145889?
9
What is the hundreds digit of 6506?
5
What is the units digit of 2879?
9
What is the units digit of 93845?
5
What is the tens digit of 4866?
6
What is the units digit of 17053?
3
What is the tens digit of 8045?
4
What is the tens digit of 62818?
1
What is the thousands digit of 4395?
4
What is the units digit of 989?
9
What is the hundreds digit of 4791?
7
What is the tens digit of 5504?
0
What is the tens digit of 1465?
6
What is the thousands digit of 3681?
3
What is the thousands digit of 30097?
0
What is the thousands digit of 1900?
1
What is the ten thousands digit of 29529?
2
What is the hundreds digit of 98831?
8
What is the ten thousands digit of 98219?
9
What is the tens digit of 10097?
9
What is the tens digit of 898?
9
What is the units digit of 28382?
2
What is the units digit of 12700?
0
What is the units digit of 4289?
9
What is the tens digit of 82847?
4
What is the tens digit of 3545?
4
What is the hundreds digit of 11924?
9
What is the thousands digit of 165652?
5
What is the ten thousands digit of 23226?
2
What is the units digit of 976?
6
What is the units digit of 996?
6
What is the units digit of 751?
1
What is the tens digit of 178?
7
What is the tens digit of 1649?
4
What is the tens digit of 830?
3
What is the tens digit of 196?
9
What is the units digit of 827?
7
What is the ten thousands digit of 71855?
7
What is the hundreds digit of 12933?
9
What is the hundreds digit of 36041?
0
What is the hundreds digit of 830?
8
What is the units digit of 416?
6
What is the hundreds digit of 43395?
3
What is the thousands digit of 9729?
9
What is the ten thousands digit of 39175?
3
What is the tens digit of 117912?
1
What is the tens digit of 34961?
6
What is the hundreds digit of 3304?
3
What is the tens digit of 7346?
4
What is the ten thousands digit of 53665?
5
What is the hundreds digit of 608?
6
What is the tens digit of 15518?
1
What is the tens digit of 5777?
7
What is the hundreds digit of 441?
4
What is the ten thousands digit of 18580?
1
What is the tens digit of 1608?
0
What is the tens digit of 1879?
7
What is the hundreds digit of 5348?
3
What is the tens digit of 79577?
7
What is the ten thousands digit of 75225?
7
What is the hundreds digit of 37070?
0
What is the thousands digit of 105240?
5
What is the hundreds digit of 22761?
7
What is the thousands digit of 1363?
1
What is the hundreds digit of 4229?
2
What is the thousands digit of 1327?
1
What is the hundreds digit of 5058?
0
What is the thousands digit of 24906?
4
What is the thousands digit of 65572?
5
What is the thousands digit of 1045?
1
What is the thousands digit of 19987?
9
What is the units digit of 8334?
4
What is the units digit of 2296?
6
What is the tens digit of 1742?
4
What is the hundreds digit of 9187?
1
What is the hundreds digit of 17129?
1
What is the hundreds digit of 540?
5
What is the units digit of 655?
5
What is the tens digit of 1961?
6
What is the hundreds digit of 22265?
2
What is the units digit of 22543?
3
What is the units digit of 4745?
5
What is the tens digit of 30495?
9
What is the hundreds digit of 38865?
8
What is the units digit of 315?
5
What is the units digit of 90235?
5
What is the tens digit of 2689?
8
What is the hundreds digit of 19348?
3
What is the units digit of 23854?
4
What is the tens digit of 3599?
9
What is the tens digit of 1192?
9
What is the units digit of 809?
9
What is the thousands digit of 1451?
1
What is the thousands digit of 2617?
2
What is the units digit of 49?
9
What is the thousands digit of 14273?
4
What is the ten thousands digit of 71281?
7
What is the hundreds digit of 731?
7
What is the thousands digit of 3453?
3
What is the tens digit of 1696?
9
What is the units digit of 3659?
9
What is the tens digit of 4591?
9
What is the hundreds digit of 160683?
6
What is the units digit of 6?
6
What is the thousands digit of 1597?
1
What is the thousands digit of 6607?
6
What is the units digit of 330?
0
What is the tens digit of 1138?
3
What is the tens digit of 27456?
5
What is the units digit of 971?
1
What is the tens digit of 1909?
0
What is the hundred thousands digit of 133875?
1
What is the tens digit of 281?
8
What is the units digit of 7975?
5
What is the hundreds digit of 56011?
0
What is the tens digit of 66246?
4
What is the tens digit of 59487?
8
What is the thousands digit of 13296?
3
What is the units digit of 2968?
8
What is the hundreds digit of 73664?
6
What is the tens digit of 403?
0
What is the ten thousands digit of 10742?
1
What is the hundreds digit of 6003?
0
What is the thousands digit of 99575?
9
What is the thousands digit of 15644?
5
What is the thousands digit of 2087?
2
What is the hundreds digit of 56357?
3
What is the hundreds digit of 31714?
7
What is the units digit of 10?
0
What is the tens digit of 9483?
8
What is the thousands digit of 23546?
3
What is the tens digit of 17780?
8
What is the hundreds digit of 54429?
4
What is the units digit of 10011?
1
What is the units digit of 822?
2
What is the hundreds digit of 12594?
5
What is the units digit of 61707?
7
What is the hundreds digit of 2146?
1
What is the units digit of 690?
0
What is the thousands digit of 2478?
2
What is the thousands digit of 52804?
2
What is the units digit of 3577?
7
What is the units digit of 3442?
2
What is the units digit of 35986?
6
What is the hundreds digit of 7217?
2
What is the ten thousands digit of 14869?
1
What is the tens digit of 2200?
0
What is the units digit of 1898?
8
What is the units digit of 2173?
3
What is the thousands digit of 111814?
1
What is the thousands digit of 64657?
4
What is the tens digit of 335?
3
What is the units digit of 9049?
9
What is the tens digit of 26128?
2
What is the tens digit of 42538?
3
What is the tens digit of 4803?
0
What is the thousands digit of 7469?
7
What is the thousands digit of 1129?
1
What is the units digit of 54431?
1
What is the units digit of 99479?
9
What is the thousands digit of 11775?
1
What is the tens digit of 76167?
6
What is the units digit of 784?
4
What is the thousands digit of 2533?
2
What is the hundreds digit of 501?
5
What is the tens digit of 131?
3
What is the tens digit of 1186?
8
What is the ten thousands digit of 162435?
6
What is the ten thousands digit of 108440?
0
What is the tens digit of 1484?
8
What is the tens digit of 19628?
2
What is the thousands digit of 1571?
1
What is the thousands digit of 2496?
2
What is the thousands digit of 13612?
3
What is the tens digit of 1759?
5
What is the tens digit of 3425?
2
What is the hundreds digit of 21150?
1
What is the hundreds digit of 43880?
8
What is the ten thousands digit of 56710?
5
What is the thousands digit of 93463?
3
What is the hundreds digit of 111215?
2
What is the tens digit of 32174?
7
What is the ten thousands digit of 49821?
4
What is the hundreds digit of 18767?
7
What is the units digit of 38195?
5
What is the tens digit of 146719?
1
What is the tens digit of 1377?
7
What is the thousands digit of 2545?
2
What is the hundreds digit of 548?
5
What is the thousands digit of 2155?
2
What is the tens digit of 508?
0
What is the hundreds digit of 96276?
2
What is the tens digit of 5856?
5
What is the units digit of 36530?
0
What is the tens digit of 14